 the first derivative of h(p). What is w(a)?
-1
Let q = -2327 + 2330. Let u(t) be the second derivative of 0 + 1/6*t**q + t - t**2. Calculate u(3).
1
Let w(f) = f**3 + 11*f**2 + 7*f + 4. Suppose -3*b + 32 - 29 = 0. Let t(u) = -u**2 + u. Let v(c) = b*w(c) + 2*t(c). Give v(-8).
-4
Suppose 0 = -5*q - 2*x - 43, 5*x + 332 = q + 265. Let t(p) = -1 - 5*p + 4 - 6. Determine t(q).
12
Let v(k) be the first derivative of 16*k**3 - k - 1451. Give v(-1).
47
Let l(o) = 6*o**3 + o + 5. Let d(p) = p**3 + p**2. Let k(z) = 5*d(z) - l(z). Let r be (4/5)/(9/1035). Let j = r - 88. What is k(j)?
7
Let c(j) = 12*j**3 + 387*j**2 + 1631*j - 716. Let d(p) = p**3 + 35*p**2 + 148*p - 65. Let f(x) = -2*c(x) + 23*d(x). Determine f(35).
7
Let g(u) = 6 - 11209*u + 21127*u - 9923*u. Let z be (-4)/(-14) - 24/(-14). Calculate g(z).
-4
Let z(f) = 2*f - 49. Let m(t) = t**3 + 73*t**2 - 41*t + 2458. Let l be m(-74). Give z(l).
-17
Let x(j) = 9*j**3 + 11*j**2 + 97*j + 15. Let p(w) = -w**3 + w**2 - 6*w - 1. Let d(o) = -8*p(o) - x(o). Calculate d(-16).
9
Let r(w) = -19*w**2 - 4*w - 9. Let d(l) = 104*l**2 + 18*l + 46. Let k(q) = -2*d(q) - 11*r(q). Calculate k(-6).
-5
Let d(p) = -2*p**2 + 2*p**3 + 0*p**3 - p**3 + 6*p - 5*p**2 + 4. Suppose -3*u - 2*t + 17 = -0*u, -27 = -4*u - 7*t. Give d(u).
-16
Let w(i) = -5*i**2 + 5*i + 549. Let v be w(-10). Let s(b) = -5*b + 1 + 5 + b - 5. Give s(v).
5
Suppose 0 = -5*p + 5 - 65. Let v = p - -4. Let g be (-1 - -2 - v/(-2))*-1. Let d(a) = a**3 - 3*a**2 + 2*a + 4. Calculate d(g).
10
Let s(u) = 0*u**2 + u**2 + 0*u**2 - 2*u**2 - 20*u + 10*u - 27. Let f be s(-3). Let v(g) = 2*g - 2. What is v(f)?
-14
Let q be -9*6/(-36)*14/21. Let k(g) = -2*g - 4. Calculate k(q).
-6
Let d(j) = j - 1. Let y be -1 - (0 + 20)/4. Let a = y - -9. Suppose 0 = a*l - 0 - 12. What is d(l)?
3
Suppose 3*x + x = 20. Suppose -8 = -x*u + 22. Let r(w) = 2*w**2 + 3*w - 6*w**2 + w**3 - u - 2*w**2. Calculate r(6).
12
Let x(k) be the first derivative of -k**2/2 + k + 1183. Let y be (-3 + 2 - -2) + -1. Calculate x(y).
1
Let c(b) = b**3 + 9*b**2 + b + 4. Let n be c(-9). Let v(r) be the second derivative of -r**3/6 - 2*r**2 + 16*r + 67. Calculate v(n).
1
Let w(l) be the third derivative of 3*l**2 - 7/6*l**3 + 0*l + 1/20*l**5 + 0 - 1/360*l**6 + 1/4*l**4. Let r(p) be the first derivative of w(p). Determine r(5).
11
Let w(p) = p**3 + 5*p**2 + 3*p + 2. Let a = -410 - -589. Let f = -183 + a. Give w(f).
6
Suppose -2*o - 2*v = -8, 30*v + 6 = 29*v. Let p(y) = y**2 - 11*y + 15. What is p(o)?
5
Let m(j) = j**2 + 3*j + 2. Let z(d) = 4*d**2 + 25*d + 7. Let r be z(-9). Suppose -r*l + 108*l = 6. Give m(l).
20
Let f(y) = -y**3 + 6*y**2 - 3*y + 72. Let n be (-4524)/(-650) + 25/625. What is f(n)?
2
Let u(f) = 7*f + 1. Suppose 7*c - 5*q - 41 = 3*c, -2*q - 18 = -2*c. Suppose m - c*m - 3 = 5*n, -n - 4 = 4*m. Calculate u(m).
-6
Suppose 49*c + 300 = -c. Let p(j) = 11*j**3 + 15*j**2 + 26*j + 11. Let g(r) = 13*r**3 + 15*r**2 + 28*r + 10. Let d(x) = c*p(x) + 5*g(x). What is d(-14)?
12
Let x(f) be the first derivative of -16*f**2 - 89*f - 5601. Determine x(-3).
7
Let y(r) = r**2 + 14*r + 11. Let t be y(-14). Suppose t + 49 = -20*h. Let s(z) = z**2 - 2*z**2 + 2*z**2 - 2*z + 5*z. What is s(h)?
0
Suppose -2384 = 118*d - 110*d. Let k = d + 296. Let y(v) = -5*v - 2. Determine y(k).
8
Let u(b) = 6*b**2 + 4*b - 3. Let n(z) = -2*z - 4 - 16 + z + 5. Let j be n(-16). Let r be u(j). Let y(o) = -o**3 + 6*o**2 + 6*o + 2. What is y(r)?
-5
Let l(b) be the third derivative of -b**4/24 - 2*b**3 - b**2. Let m(j) = 5*j - 59. Let u be m(13). Let v be ((-10)/u)/(5/30). Give l(v).
-2
Let m(l) = l - 129 + 231 - 123. Calculate m(0).
-21
Let x be 6/231 + (-7104)/(-11088). Let w(q) be the third derivative of 0*q - 1/24*q**4 - 11*q**2 + 0 + x*q**3. Calculate w(3).
1
Let b(p) be the second derivative of -p**4/12 + 2*p**3/3 - 9*p**2/2 - 83*p. Suppose -c - n - 39 = -42, n + 4 = 0. What is b(c)?
-30
Let y(r) = 70*r**2 + 14*r + 7. Let p(a) = 93*a**2 + 12*a + 8. Let t(v) = -3*p(v) + 4*y(v). Give t(-20).
4
Let d = -6737 - -6733. Let r(g) = -2*g**2 + 11*g + 29. Calculate r(d).
-47
Let i(k) = 19*k**2 - 53*k - 52. Let u be i(4). Let n(y) = -y**3 + 41*y**2 - 41*y + 35. What is n(u)?
-5
Let b(i) = i**3 + 2*i**2 - i + 2. Let l(r) = -3*r**2 + 3*r - 6. Let a be l(3). Let c = a - -5. Let s = 16 + c. Calculate b(s).
-4
Let r(z) = -z**3 - 2*z**2 - z - 1. Let f(d) be the third derivative of d**5/60 - 19*d**4/24 - 51*d**3/2 - 55*d**2. Let q be f(-6). Give r(q).
11
Suppose 5*y = -3*n + 5, 5*n + 0*n - 19 = -3*y. Let c(m) be the first derivative of -m**4/4 + 2*m**3 - m**2 - 3*m - 511. Determine c(n).
12
Let b(z) = z**2 + 9*z - 1. Let p(a) be the second derivative of -a**5/20 - 11*a**4/6 - 19*a**3/6 + 17*a**2 - a - 61. Let s be p(-21). Determine b(s).
-9
Let d = 290 - 300. Let f(b) = 4*b**2 + 11*b + 18. Let n(z) = z**2 + 1. Let g(a) = -2*a**2 - 2*a + 3. Let y be g(1). Let k(p) = y*f(p) + 3*n(p). Determine k(d).
-5
Let p(o) = -42*o**2 + 120*o - 57. Let g(k) = 11*k**2 - 31*k + 15. Let d(h) = 23*g(h) + 6*p(h). Suppose 5*m + 20 = m, 3*b + 5*m = -40. What is d(b)?
-7
Let d(z) = -z**3 - 10*z**2 - 2*z - 16. Let h(x) = -6*x**3 - 53*x**2 - 12*x - 80. Let t(o) = 11*d(o) - 2*h(o). What is t(7)?
145
Let u(p) be the first derivative of p**3/3 - 37*p**2/2 + 39*p - 549. What is u(36)?
3
Let c(g) = -7*g + 82. Let o = 2639 - 2627. Calculate c(o).
-2
Let u = 1027 + -1030. Let k(o) = o + 6. Calculate k(u).
3
Let x(a) = a**2 - 63*a + 120*a - 62*a + 2 - 4 - 3. Give x(-4).
31
Let p be -1*2*(-2)/(-2). Let r be p + 2 + 2 + -3. Let y(s) = -17*s**2 + s + 1. Let d(l) = -16*l**2 + l + 1. Let k(m) = 5*d(m) - 4*y(m). Give k(r).
-12
Let k(h) = -99*h + 97 - 99*h + 180*h. Calculate k(6).
-11
Let z(g) = 4*g - 39. Let i be 23 + 180/(-9) + (4/4 - -16). What is z(i)?
41
Let k(d) be the third derivative of -d**5/60 - 7*d**4/8 + 2*d**3/3 - 1269*d**2 - 3*d. What is k(-24)?
-68
Let m(o) be the first derivative of -2*o**2 + 101 + 1/4*o**4 - o + o**3. Determine m(-5).
-31
Let q(x) = x**2 + 12*x + 31. Let z be q(-11). Let r(c) = 8*c - 9*c + z - 21. Let w be ((-4)/12)/(1/(-15)). Determine r(w).
-6
Let z(q) = q + 22. Suppose 16360*n = 16331*n + 174. Give z(n).
28
Let y(w) = 4*w**2 + 90*w + 26. Let j be ((-20)/(-60))/((-169)/(-1430) + (-4)/30). Give y(j).
-18
Suppose -5*l + 32 = -33. Suppose -3 - l = 8*t. Let m(g) = 5*g + 3. What is m(t)?
-7
Let q = -3503 - -3516. Let a(r) = r**2 - 21*r + 97. Calculate a(q).
-7
Let p(d) = -d**3 + 7*d**2 - 7*d + 8. Let i(v) = v**2 - 40*v + 2. Let o(z) = -z**2 + z + 2. Let x(r) = i(r) + 2*o(r). Let u be x(-38). Determine p(u).
2
Let k(y) = 37*y**3 + 22 + 9*y**2 - 35*y**3 - 49822*y + 49819*y. What is k(-5)?
12
Let j(n) = -2*n**3 - 17*n**2 - 8*n + 1. Let y(b) = -b**2 - 8*b + 76. Let t be y(-14). Let x be j(t). Let m(r) = -10*r**2 - r. What is m(x)?
-11
Let o(j) = -j**3 - j**2 + j + 1. Let m(i) = -3*i**3 + 11*i**2 + 15*i + 31. Let g(s) = m(s) - 2*o(s). What is g(14)?
15
Suppose 4*b = -5*n - 93, 0 = n - 24 + 21. Let h(g) = g**2 + 18*g - 237. Calculate h(b).
6
Let t(c) be the first derivative of c**4/4 - c**3 - 2*c**2 + c + 1. Let v be 10/135 - (20026/(-837) + 20). Give t(v).
1
Let b(i) = 9960*i**2 + 0*i + 2*i + 14 - 19915*i**2 + 9954*i**2. What is b(7)?
-21
Let l(y) = y**3 + 12*y**2 - 12*y + 11. Suppose -105 = 43*i - 6*i + 376. Determine l(i).
-2
Suppose 1713 = 8*k - 2823. Let z = k + -570. Let l(u) = 3*u**3 - 4*u**2 + u + 13. Let h(m) = m**3 - 2*m**2 + 6. Let s(q) = -5*h(q) + 2*l(q). What is s(z)?
-19
Let y be 19950/(-84) + ((-5)/2 - -2). Let r be 1*17/(-4) - y/952. Let x(n) = -19*n - 15. Let t(q) = -5*q - 4. Let u(l) = 22*t(l) - 6*x(l). Determine u(r).
-14
Let q(u) = -u**3 + 3*u**2 + 2 - 4*u - u**3 + 0*u + 3*u. Let n(p) = 2*p - 4. Suppose 0*w - 12 = -4*w. Let v be n(w). Determine q(v).
-4
Let o(z) = z**2 - 3*z - 5. Let w(x) = 7*x**2 + 5*x - 27. Let f(s) = -13*s**2 - 11*s + 53. Let m(b) = -4*f(b) - 7*w(b). Let t be m(2). Determine o(t).
23
Let q(w) be the third derivative of w**5/60 + w**4/24 + 4*w**3/3 - w**2. Suppose 3*s + 4*k + 34 = 0, -s - 2075 = 5*k - 2049. Calculate q(s).
38
Let z(b) be the second derivative of -1/6*b**3 + 0 + 6*b**2 + 82*b. Give z(6).
6
Let l(m) be the first derivative of -m**3/3 + 23*m**2/2 + 145*m - 146. Let a be l(-5). Let t(s) = -s**2 + 4*s - 1. What is t(